of 17?
True
Is 2357623496 a multiple of 74?
False
Is 10 a factor of 200315896?
False
Is 138 a factor of 104031990?
True
Does 15 divide 197480415?
True
Is 26771154 a multiple of 502?
False
Is 520490376 a multiple of 28?
True
Is 573029184 a multiple of 416?
True
Is 634 a factor of 929898765?
False
Does 10 divide 22456860?
True
Is 31843692 a multiple of 81?
True
Does 960 divide 2217866880?
True
Is 31484033 a multiple of 161?
True
Is 12913806 a multiple of 8?
False
Is 63252830 a multiple of 10?
True
Is 42 a factor of 214283474?
False
Does 4 divide 2512486?
False
Does 59 divide 206603309?
True
Does 2710 divide 1379773739?
False
Is 16 a factor of 118949088?
True
Does 58 divide 94086538?
False
Is 544 a factor of 14741856?
True
Is 116665633 a multiple of 11?
False
Does 18 divide 214810860?
False
Does 1650 divide 9348900?
True
Is 879 a factor of 1439534784?
True
Is 237820036 a multiple of 86?
False
Is 216553476 a multiple of 4614?
True
Does 819 divide 76303773?
True
Does 52 divide 317570686?
False
Is 899 a factor of 6245868?
False
Is 6187693 a multiple of 42?
False
Does 113 divide 3254995397?
True
Does 2359 divide 66953138?
True
Is 316627456 a multiple of 512?
True
Is 16619999 a multiple of 135?
False
Does 56 divide 437779265?
False
Is 77465108 a multiple of 97?
False
Is 19590542 a multiple of 46?
False
Does 125 divide 36377000?
True
Is 454 a factor of 32000921?
False
Is 85806672 a multiple of 48?
True
Is 578741993 a multiple of 18?
False
Is 1271820 a multiple of 470?
True
Is 1099 a factor of 114285010?
True
Does 432 divide 1051117728?
False
Is 46 a factor of 4956427162?
False
Is 98 a factor of 14086716?
True
Is 15 a factor of 149869158?
False
Does 14 divide 6335696038?
True
Is 55 a factor of 27727980?
False
Is 105 a factor of 66990287?
False
Is 2665083 a multiple of 135?
False
Does 147 divide 18042189?
False
Does 946 divide 48540153?
False
Is 38319335 a multiple of 221?
False
Does 42 divide 288181432?
False
Is 34 a factor of 41901932?
False
Is 75 a factor of 20298825?
True
Is 163772598 a multiple of 6?
True
Does 21 divide 165771564?
True
Is 40452955 a multiple of 339?
False
Does 955 divide 495107335?
True
Is 5372340 a multiple of 391?
True
Does 16 divide 3894673131?
False
Does 9 divide 420896?
False
Is 95523789 a multiple of 1398?
False
Does 14 divide 25662518?
True
Does 51 divide 47606658?
False
Is 271 a factor of 2218679?
False
Is 29784067 a multiple of 500?
False
Is 648516 a multiple of 9826?
True
Does 743 divide 1451245432?
True
Is 227372165 a multiple of 46?
False
Is 795618652 a multiple of 12?
False
Does 18 divide 5819207?
False
Is 835 a factor of 30314675?
True
Is 445791654 a multiple of 2233?
True
Does 328 divide 156207704?
True
Is 344 a factor of 26565413?
False
Is 2 a factor of 202837855?
False
Does 878 divide 152803554?
False
Does 828 divide 23065596?
True
Is 98 a factor of 35350756?
True
Does 249 divide 3247300?
False
Does 104 divide 255963344?
True
Is 22382360 a multiple of 20?
True
Does 21 divide 31000389?
True
Is 25215808 a multiple of 39?
False
Is 1701 a factor of 86274720?
True
Does 25 divide 54865700?
True
Is 525676127 a multiple of 605?
False
Is 9 a factor of 538374636?
True
Is 39 a factor of 439535499?
True
Does 1949 divide 68520993?
True
Is 7 a factor of 51760533?
False
Is 899 a factor of 439297249?
True
Does 69 divide 14361177?
True
Is 172804012 a multiple of 19?
True
Is 71 a factor of 3813275?
False
Is 29 a factor of 246008798?
True
Does 215 divide 409711095?
True
Is 476 a factor of 149041788?
True
Is 130964251 a multiple of 1998?
False
Is 548884852 a multiple of 473?
False
Is 1001 a factor of 299523224?
True
Is 707 a factor of 23374322?
False
Does 3831 divide 862786196?
False
Is 8 a factor of 2061801346?
False
Is 871 a factor of 1116432993?
True
Does 73 divide 258467596?
True
Is 23355906 even?
True
Is 4742016 a multiple of 1864?
True
Does 70 divide 2163525490?
True
Is 830 a factor of 7444270?
True
Is 107833792 a multiple of 229?
False
Is 10088330 a multiple of 35?
True
Is 54516846 a multiple of 12?
False
Is 534268042 a multiple of 5222?
True
Does 4 divide 3172483?
False
Is 11978424 a multiple of 106?
True
Does 570 divide 49841940?
True
Does 471 divide 159920742?
False
Is 1991 a factor of 119176570?
False
Is 19 a factor of 4540215?
False
Is 300 a factor of 185244038?
False
Does 517 divide 14119270?
True
Is 121438296 a multiple of 72?
True
Does 80 divide 364442560?
True
Does 9 divide 16015779?
True
Is 310982647 a multiple of 101?
False
Is 6034501 a multiple of 2?
False
Is 1105430556 a multiple of 12?
True
Does 52 divide 391321268?
True
Does 12 divide 1149373796?
False
Is 751 a factor of 1124998?
True
Is 2042 a factor of 269437564?
False
Is 27 a factor of 1769040?
True
Is 80744218 a multiple of 141?
False
Does 1610 divide 426650?
True
Does 2648 divide 1964309974?
False
Is 11294112 a multiple of 3314?
True
Does 22 divide 181191098?
True
Is 56 a factor of 537232070?
False
Is 11214 a factor of 2804778396?
True
Does 13 divide 1317569208?
False
Is 78 a factor of 11274432?
True
Is 1892 a factor of 1701551814?
False
Is 723244104 a multiple of 198?
True
Is 218016955 a multiple of 1285?
True
Is 46 a factor of 7317356?
False
Does 1300 divide 231628895?
False
Is 30242640 a multiple of 4?
True
Is 431 a factor of 189049099?
True
Does 1506 divide 33341739?
False
Is 63 a factor of 288249856?
False
Is 28491622 a multiple of 3629?
False
Does 69 divide 2032649?
False
Is 689320055 a multiple of 167?
True
Is 38671329 a multiple of 417?
True
Is 79 a factor of 287715788?
True
Does 99 divide 6059742?
False
Is 41 a factor of 957788454?
True
Is 7702494 a multiple of 15?
False
Is 661161632 a multiple of 116?
False
Is 3263728 a multiple of 34?
True
Is 46640668 a multiple of 172?
False
Does 54 divide 7277796?
True
Is 1340005115 a multiple of 2337?
False
Is 63 a factor of 634108433?
False
Does 122 divide 99887988?
True
Does 482 divide 818637500?
False
Is 82628663 a multiple of 303?
False
Does 9 divide 48557340?
True
Is 89483460 a multiple of 66?
True
Is 2482 a factor of 107584772?
True
Does 14 divide 516283083?
False
Is 91376574 a multiple of 23?
False
Does 223 divide 1951047516?
True
Does 627 divide 79342292?
False
Is 81054594 a multiple of 81?
True
Is 575060061 a multiple of 5073?
True
Does 54 divide 6069481524?
True
Does 226 divide 148939198?
True
Is 11716527 a multiple of 1601?
False
Does 563 divide 75926743?
True
Is 8 a factor of 158809456?
True
Is 1306901227 a multiple of 5?
False
Does 113 divide 14012581?
False
Does 17 divide 8896907?
False
Is 2171 a factor of 39548932?
False
Is 19 a factor of 172111975?
True
Does 11 divide 15325013?
True
Is 494 a factor of 10662496?
True
Does 62 divide 1052389657?
False
Is 4 a factor of 11707425?
False
Is 1880 a factor of 3168228640?
True
Is 4935552 a multiple of 12?
True
Is 49665878 a multiple of 79?
True
Is 29768013 a multiple of 75?
False
Is 86 a factor of 378700774?
False
Is 12 a factor of 15809412?
True
Is 124650996 a multiple of 76?
False
Is 4846 a factor of 918791908?
True
Is 2992759560 a multiple of 408?
True
Is 50024441 a multiple of 263?
True
Is 109736 a multiple of 2?
True
Is 446 a factor of 47184124?
True
Does 268 divide 144815640?
False
Is 2479 a factor of 167069943?
False
Does 34 divide 1168847784?
True
Is 16179425 a multiple of 227?
True
Is 408436996 a multiple of 209?
True
Is 431262000 a multiple of 15?
True
Is 16 a factor of 33748407?
False
Does 817 divide 96526099?
True
Is 27726270 a multiple of 69?
True
Is 179375670 a multiple of 51?
True
Is 293 a factor of 23176431?
False
Does 64 divide 778234560?
True
Is 242043376 a multiple of 99?
False
Is 146522484 a multiple of 2654?
False
Is 32849159 a multiple of 4067?
True
Does 90 divide 758383290?
True
Is 19 a factor of 146605292?
True
Is 70 a factor of 90235670?
True
Does 3625 divide 125642500?
True
Does 25 divide 525722426?
False
Is 121699211 a multiple of 5?
False
Is 555 a factor of 47548579?
False
Is 33 a factor of 21308250?
False
Is 10 a factor of 58712020?
True
Does 22 divide 1126075236?
True
Does 6 divide 3224652?
True
Is 842001374 a multiple of 6812?
False
Does 45 divide 46528920?
True
Does 1586 divide 2099700642?
True
Is 6 a factor of 37458895?
False
Does 70 divide 1218911851?
False
Does 356 divide 434529168?
False
Is 33369705 a multiple of 15